.
5
Calculate -1 + -1 + -1 + (-7 - -12).
2
(0 - -2) + 9 + -16
-5
Evaluate -3 + -4 - (-2 - 3).
-2
What is the value of 1 + (2 - -1 - 1)?
3
7 + (-8 - 0 - -4)
3
What is 0 - ((-4 - 2) + -6 + 10)?
2
Calculate -2 + 10 + -3 + 1.
6
Evaluate 8 - 1 - (-17 - (-23 + -1)).
0
Calculate (2 - 5 - -3 - -3) + -12.
-9
Evaluate -1 + 1 + 0 - 4 - -2.
-2
Evaluate (4 - (4 - 4)) + -1 + 2.
5
Evaluate (2 - 6 - 0) + 3.
-1
What is the value of 0 + (5 - (8 - 0))?
-3
What is -6 + 5 - -5 - 15?
-11
What is the value of (0 + 1 - 0) + (-132 - -134)?
3
What is the value of -8 - -13 - (-4 - -4 - 4)?
9
What is the value of 124 + -117 - (1 + -3)?
9
Evaluate (5 - 6) + -4 + 10.
5
7 + (-16 - -10) + 2
3
Calculate -13 + 12 + 8 + -3.
4
What is the value of 5 - (6 + -5 + 9)?
-5
What is the value of -4 + (-1 - -4) + 4?
3
What is 0 - (-3 + (-4 - 0 - -3))?
4
Evaluate -6 + (4 - 18 - -10).
-10
What is 3 - (1 + (-5 - -9)) - -5?
3
What is the value of -9 + (-3 - -3) + 1?
-8
What is the value of (3 - 4) + (5 - (5 + 0))?
-1
What is 5 + 0 - (-20 - -4 - -15)?
6
Evaluate 1 + -1 + (5 - 7).
-2
What is the value of -6 + 2 + 2 - (-6 + 1)?
3
What is the value of (-2 - (4 + -3)) + 14 + -16?
-5
Calculate (9 - 3) + -9 + 5.
2
What is (-1 - 3) + -22 + 31?
5
Evaluate 1 - (2 + (-4 + 2 - -4)).
-3
Calculate (0 - 3) + -2 + 5 + -2.
-2
What is the value of (14 - 0 - 25) + 16?
5
Calculate -8 - (13 + (-12 - 0)).
-9
Evaluate (14 - 23 - -16) + (1 - 2).
6
Calculate 2 + (1 - -3) + -2.
4
What is the value of 4 + (5 - 2) - 6?
1
What is the value of -137 + 126 - (-1 + -14)?
4
What is 2 + (-10 - -2) + (1 - -1)?
-4
What is the value of (6 - (5 + 0)) + 3?
4
Evaluate -2 - -6 - 5 - (-1 - 3).
3
What is the value of (-3 - (-8 + 6)) + 1?
0
Calculate 7 + 1 + (2 - 6) + 1.
5
What is the value of (-3 + 1 - -2) + (-5 - 0)?
-5
What is (-15 - -16 - (9 + 1)) + 5?
-4
Calculate (5 - 14) + 17 - 14.
-6
Calculate 0 + -5 + -1 + (-4 - -6).
-4
Calculate -3 - (4 - (1 + -3 - -6)).
-3
Evaluate -7 - (-4 + -10) - (-1 + 2).
6
Evaluate (3 - -7) + (9 - (3 - -13)).
3
What is (-7 - -2) + 3 + (5 - 9)?
-6
What is the value of (-5 - -3) + 2 - 3?
-3
Calculate 3 - (0 - 7) - 6.
4
What is the value of -1 - ((4 - (1 - -2)) + -4)?
2
5 + (-1 - 4) + -2
-2
What is the value of 7 + 0 + 3 + 4 + -4?
10
What is -4 + -2 - (18 + -16)?
-8
Calculate -2 - (2 + 1 + -1).
-4
What is (5 - 13) + 1 + 2?
-5
0 - (6 + (4 - 6))
-4
Calculate (1 + 5 - 1) + 1.
6
Evaluate -1 + (-4 + 9 - 3) + -6.
-5
What is the value of 0 + -1 + -3 + -19 + 21?
-2
What is the value of 1 + (0 - 6) + -1 + 4?
-2
What is (-22 - -20 - (-7 - 0)) + 1?
6
Evaluate (7 - (-1 + 10)) + 6.
4
What is (2 - -3) + -2 - 5?
-2
What is the value of 1 - (-2 + -1 + 0 - -8)?
-4
Evaluate -2 - (3 + -2 + 1 + -2).
-2
Evaluate (10 + -6 - 4) + 3.
3
Evaluate -1 - -13 - 4 - 4.
4
Calculate -2 - -12 - 20 - -7.
-3
What is the value of -3 - (-2 + 4 + -1 - 4)?
0
Calculate (-3 - (1 - (4 + -3))) + 0.
-3
What is the value of (-13 - -11 - (-3 - 1)) + -1?
1
3 - 8 - (-2 + -1)
-2
What is the value of 6 + (-1 - 2 - -1)?
4
What is 10 - 9 - (-2 - -2) - 1?
0
What is the value of 2 + 1 + 0 + -77 + 78?
4
Calculate -6 + (-4 - (-5 - 1)) + 0.
-4
Calculate -2 - (3 + (-18 - -9)).
4
Calculate -1 + 4 - (4 - 1) - 3.
-3
What is 5 - (5 + -3 + 4)?
-1
Evaluate 13 - ((19 - 2) + -8).
4
What is -4 + 1 + -1 + (4 - 5)?
-5
4 + (2 - (3 - -3))
0
Evaluate -5 + (1 - -2) - 3.
-5
What is the value of -2 - 0 - (25 + -25)?
-2
Calculate 14 - (4 - (-6 + 1)).
5
What is the value of (6 - 1) + -5 + -6?
-6
What is the value of -15 - (9 - (-12 + 26))?
-10
What is (-14 - -3) + 5 + 4?
-2
2 + 5 + 0 + -5 + 1
3
Evaluate 16 + -12 + -4 + 1 + 0.
1
What is the value of 8 - (-2 - -1) - 13?
-4
Evaluate 2 + 2 + -3 - -1.
2
Evaluate 10 + -1 - (-3 - (17 - 20)).
9
Evaluate 3 + 7 + -8 + -6.
-4
What is (-3 + 1 - -8) + -1 - 0?
5
What is the value of -11 + (-3 - (1 - 22))?
7
Calculate 4 - 1 - (9 + -6).
0
Calculate 13 + -15 - (0 + 3) - 0.
-5
Calculate (-7 - 10) + (-5 - -17).
-5
What is -8 + -7 + 3 + 3 - -3?
-6
What is 0 - (-5 - -3) - -2?
4
What is -7 - (4 + (3 - 3 - 4))?
-7
What is the value of (-12 - -10) + 2 + 1?
1
Evaluate -5 + (0 - (1 + -5 + 1)).
-2
What is 1 + (-4 - -12) - (-1 - -4)?
6
What is the value of -2 + (-55 - -51 - (-1 + 2))?
-7
-3 + -1 - (-19 + 8 - 0)
7
Evaluate -2 + (-6 + 1 + 7 - 3).
-3
Evaluate -3 + -1 + -7 + 8.
-3
0 - (-2 + 2 - (15 - 18))
-3
Calculate -2 + -2 + 4 - (4 - 5).
1
Calculate (-7 - -8) + -5 + -4.
-8
Calculate (-3 - -7) + (-4 - -2).
2
Evaluate (-3 - (9 - 6)) + 6.
0
Evaluate 2 - 4 - -4 - -1.
3
What is the value of -17 - (-2 + 3 - 8)?
-10
Evaluate -5 + 2 + -3 + 4.
-2
Calculate -3 + 2 - (-2 + 2).
-1
What is 3 - (0 - -5) - -5?
3
Evaluate 3 + -6 + 4 - -4.
5
Calculate 0 + -3 + 1 - 0 - -2.
0
What is 12 + 10 + -4 + -17?
1
What is the value of -12 - (-14 + 1 + -1)?
2
What is -3 + -4 + 5 + -7 + 1?
-8
Evaluate -4 + -1 + (4 - 7) + 4.
-4
Evaluate -4 + 6 + 1 - 4.
-1
Evaluate -7 + 0 - -3 - (-8 + 0).
4
Calculate -4 + (-9 + 18 - (2 - 0)).
3
What is the value of 7 - (-8 - (3 - 4) - -11)?
3
Calculate 4 + 3 - (-6 - -7).
6
3 + (-6 - -8) + -2
3
Evaluate 3 - 10 - (14 - 15).
-6
-5 + 1 + 3 + -3 - -1
-3
Evaluate 3 - ((-3 - 1) + (10 - 3)).
0
Calculate -1 + 1 - (-11 + 15).
-4
What is -56 + 55 - (-2 + 1 + -4)?
4
Evaluate (2 + 1 - (-1 - -9)) + 0.
-5
Evaluate 5 - (4 + 0 + 1).
0
What is the value of -10 - ((2 - 5) + 3 + 0)?
-10
What is the value of (-5 - (-1 + 0 - 6)) + 1?
3
What is the value of 3 - (3 + 1 - 4) - 8?
-5
Calculate -11 + 1 + 5 - -2 - -4.
1
Calculate (0 - (-6 + 5)) + 0 + 1.
2
Calculate -4 + (-10 - -11) + 3.
0
Evaluate 12 + 2 + -1 + -5 - 6.
2
What is the value of 0 + 4 + -1 + -5?
-2
What is -6 - ((5 - -2) + -3 + -8)?
-2
Calculate (-2 - 4) + (5 - (13 - 21)).
7
-4 - -1 - (-16 + 6 + 6)
1
Calculate (3 + -4 - 1) + 3.
1
What is the value of (-2 - -2 - -3) + -1?
2
(1 - (2 - -2)) + 6
3
What is (-9 + 6 - -6) + 1?
4
7 + (3 - (1 + 2) - 5)
2
What is (-8 - (3 - (3 + 4))) + 1?
-3
What is the value of 3 + -9 - -4 - -1?
-1
Calculate 14 - (4 + (-3 + -4 - -8)).
9
What is (-5 - -21) + -10 - 3?
3
What is 2 + (0 - 5) + 0 - -1?
-2
Calculate -3 - (-1 + 3 - 8) - 9.
-6
Calculate 3 - (1 + -6 - -3).
5
2 + (1 - -2 - (0 - -2))
3
Evaluate (-14 - -9) + 7 + 2.
4
Calculate 0 - 6 - (16 - 22).
0
Evaluate (-31 - -22) + 17 + -1.
7
-14 + 14 + 14 - 16
-2
Evaluate 1 + 1 + 2 + -15 + 7.
-4
What is -14 - (0 + -12 + -2)?
0
8 + -14 + -5 + 13
2
Calculate (-4 - (-4 - 4)) + -5.
-1
What is 5 - (4 - 2) - 1 - 3?
-1
What is the value of -10 + (-11 - -29) + -3?
5
What is -11 + 2 + 54 + -54?
-9
Calculate 10 - (7 - (13 + -11)).
5
(16 + -8 + -1 - 5) + 0
2
What is the value of 9 - -2 - (44 + -35)?
2
Evaluate -3 - (-7 - -4) - 2.
-2
What is -6 + -1 + -7 + 4 - -5?
-5
(-2 - -2 - 1) + -1 + 1
-1
-3 + 0 - (4 + -7)
0
Evaluate 0 + (-3 - -5) - (16 - 14).
0
Evaluate -1 + -7 - (4 - 10 - -2).
-4
What is the value of 3 - 3 - (2 + -1 + -1)?
0
Evaluate -6 + (5 - (5 + 0)).
-6
What is (-6 - ((3 - 4) + -1)) + 7?
3
7 - (-3 + 17) - -4
-3
(2 - (7 + -1)) + 4 - -1
1
49 + -62 - (1 + -9)
-5
Calculate -1 + 3 + -1 - -2.
3
Evaluate (3 - 2) + 4 - (-1 + 1).
5
Calculate 2 + 1 + -12 + 1.
-8
Calculate -8 - ((1 - 3) + -3 + 3).
-6
What is -7 + (-1 + -4 - -15)?
3
What is (1 - 2 - (0 + 2)) + 1?
-2
What is the value of 5 + -1 - (-2 - -11 - 8)?
3
What is the value of 0 + -5 + 1 + -1 + 3?
-2
Calculate -4 + 2 + -16 + 15.
-3
What is -6 + (2 + 1 - (8 - 8))?
-3
2 + (-4 - -4) + -4 + 0
-2
13 + -20 - (9 + -9)
-7
Evaluate -32 + 26 + (2 - 1).
-5
What is the value of (-8 - 12) + 23 + (-4 - 0)?
-1
What is 17 + 1 + (139 - 148)?
9
0 - ((5 - -5) + -7)
-3
What is the value of -2 - (-4 - -7 - (-2 + 9))?
2
Calculate -4 - (-2 + -5 - -4).
-1
6 - 12 - -5 - -6
5
-2 + 2 + 0 + 0 + -3
-3
13 + -16 - (-3 + 3)
-3
3 + 3 + 0 + -14
-8
What is -2 - (-2 - 8) - 2?
6
What is the value of -12 - -8 - -5 - 1?
0
What is (-8 - -13) + (-1 - 0 - -1)?
5
Calculate -1 + -4 - -9 - 17 - -6.
-7
Evaluate -4 - (8 + (-6 - 0)) - -8.
2
Evaluate -5 + (9 + 4 - 4).
4
Evaluate -6 + (-9 - (2 - 15)).
-2
(-9 - -18) + 2 - 4
7
What is the value of 2 - ((5 - 0) + 0) - -2?
-1
Evaluate (-11 + 3 - -5) + (-1 - 0).
-4
Calculate -2 + -3 + 12 + -10.
-3
What is the value of 1 + (-10 - -19 - 8)?
2
What is the value of 12 + -20 + 15 + -4 + -1?
2
What is the value of 3 - 2 - (-4 - 2)?
7
What is the value of (15 - (-2 + 13)) + -8?
-4
(-2 - -4) + (-2 + -6 - -1)
-5
Evaluat